{"id":109647,"date":"2022-09-20T23:46:46","date_gmt":"2022-09-20T23:46:46","guid":{"rendered":"https:\/\/www.corporaciondoxa.com\/?page_id=109647"},"modified":"2022-11-11T16:47:35","modified_gmt":"2022-11-11T16:47:35","slug":"quienes-somos","status":"publish","type":"page","link":"https:\/\/www.corporaciondoxa.com\/?page_id=109647","title":{"rendered":"Quienes somos"},"content":{"rendered":"<p>[et_pb_section fb_built=&#8221;1&#8243; fullwidth=&#8221;on&#8221; _builder_version=&#8221;4.17.6&#8243; _module_preset=&#8221;default&#8221; hover_enabled=&#8221;0&#8243; global_colors_info=&#8221;{}&#8221; sticky_enabled=&#8221;0&#8243;][et_pb_fullwidth_header title=&#8221;Quines somos&#8221; subhead=&#8221;Corporaci\u00f3n doxa&#8221; text_orientation=&#8221;center&#8221; header_scroll_down=&#8221;on&#8221; scroll_down_icon=&#8221;%%9%%&#8221; scroll_down_icon_size=&#8221;44px&#8221; _builder_version=&#8221;4.17.6&#8243; _module_preset=&#8221;default&#8221; title_font=&#8221;|700|||||||&#8221; title_text_align=&#8221;center&#8221; title_font_size=&#8221;47px&#8221; content_font=&#8221;|700|||||||&#8221; content_font_size=&#8221;1px&#8221; subhead_font=&#8221;||||||||&#8221; subhead_text_align=&#8221;center&#8221; subhead_font_size=&#8221;21px&#8221; background_image=&#8221;https:\/\/www.corporaciondoxa.com\/wp-content\/uploads\/2022\/10\/WhatsApp-Image-2022-10-28-at-3.58.47-PM.jpeg&#8221; background_position=&#8221;top_center&#8221; background_vertical_offset=&#8221;26%&#8221; width=&#8221;100%&#8221; height=&#8221;329px&#8221; custom_margin=&#8221;||||false|false&#8221; custom_padding=&#8221;99px||0px||false|false&#8221; custom_padding_tablet=&#8221;99px||0px||false|false&#8221; custom_padding_phone=&#8221;87px||||false|false&#8221; custom_padding_last_edited=&#8221;on|phone&#8221; scroll_horizontal_motion_enable=&#8221;off&#8221; scroll_horizontal_motion=&#8221;0|50|50|100|4|0|-4&#8243; hover_enabled=&#8221;0&#8243; title_text_shadow_style=&#8221;preset5&#8243; title_text_shadow_horizontal_length=&#8221;0.07em&#8221; title_text_shadow_vertical_length=&#8221;0.05em&#8221; text_shadow_style=&#8221;preset2&#8243; text_shadow_horizontal_length=&#8221;0.29em&#8221; text_shadow_vertical_length=&#8221;-0.09em&#8221; text_shadow_blur_strength=&#8221;0em&#8221; global_colors_info=&#8221;{}&#8221; sticky_enabled=&#8221;0&#8243;][\/et_pb_fullwidth_header][\/et_pb_section][et_pb_section fb_built=&#8221;1&#8243; _builder_version=&#8221;4.17.6&#8243; _module_preset=&#8221;default&#8221; custom_margin_tablet=&#8221;&#8221; custom_margin_phone=&#8221;48px||||false|false&#8221; custom_margin_last_edited=&#8221;on|phone&#8221; custom_padding=&#8221;||3px|||&#8221; global_colors_info=&#8221;{}&#8221;][et_pb_row column_structure=&#8221;1_2,1_2&#8243; _builder_version=&#8221;4.17.6&#8243; _module_preset=&#8221;default&#8221; global_colors_info=&#8221;{}&#8221;][et_pb_column type=&#8221;1_2&#8243; _builder_version=&#8221;4.17.6&#8243; _module_preset=&#8221;default&#8221; global_colors_info=&#8221;{}&#8221;][dsm_gradient_text gradient_text=&#8221;Misi\u00f3n&#8221; _builder_version=&#8221;4.17.6&#8243; _module_preset=&#8221;default&#8221; header_font=&#8221;|800|||||||&#8221; header_font_size=&#8221;47px&#8221; background_color_gradient_stops=&#8221;#47187d 35%|#00a1d3 87%&#8221; global_colors_info=&#8221;{}&#8221;][\/dsm_gradient_text][et_pb_divider color=&#8221;#00a1d3&#8243; divider_weight=&#8221;4px&#8221; _builder_version=&#8221;4.17.6&#8243; _module_preset=&#8221;default&#8221; width=&#8221;56%&#8221; max_width=&#8221;10%&#8221; custom_margin=&#8221;-24px||||false|false&#8221; global_colors_info=&#8221;{}&#8221;][\/et_pb_divider][dsm_lottie lottie_speed=&#8221;1.2&#8243; _builder_version=&#8221;4.17.6&#8243; _module_preset=&#8221;default&#8221; global_colors_info=&#8221;{}&#8221;][\/dsm_lottie][et_pb_text _builder_version=&#8221;4.17.6&#8243; _module_preset=&#8221;default&#8221; text_font_size=&#8221;18px&#8221; global_colors_info=&#8221;{}&#8221;]<\/p>\n<p style=\"text-align: justify;\"><span style=\"font-weight: 400;\"><span style=\"vertical-align: inherit;\"><span style=\"vertical-align: inherit;\"><span style=\"vertical-align: inherit;\"><span style=\"vertical-align: inherit;\">Somos una Corporaci\u00f3n sin \u00e1nimo de lucro\u00a0 dedicada a la atenci\u00f3n de poblaci\u00f3n vulnerable, propendiendo por su\u00a0 rehabilitaci\u00f3n integral, formaci\u00f3n, empoderamiento y desarrollo para su inclusi\u00f3n familiar, social y productiva.<\/span><\/span><\/span><\/span><\/span><\/p>\n<p style=\"text-align: justify;\"><span style=\"font-weight: 400;\"><span style=\"vertical-align: inherit;\"><span style=\"vertical-align: inherit;\"><span style=\"vertical-align: inherit;\"><span style=\"vertical-align: inherit;\">Siempre comprometidos en el desarrollo de nuestros proyectos con el medio ambiente.<\/span><\/span><\/span><\/span><\/span><\/p>\n<p>[\/et_pb_text][\/et_pb_column][et_pb_column type=&#8221;1_2&#8243; _builder_version=&#8221;4.17.6&#8243; _module_preset=&#8221;default&#8221; global_colors_info=&#8221;{}&#8221;][dsm_gradient_text gradient_text=&#8221;Visi\u00f3n&#8221; _builder_version=&#8221;4.17.6&#8243; _module_preset=&#8221;default&#8221; header_font=&#8221;|800|||||||&#8221; header_font_size=&#8221;47px&#8221; background_color_gradient_stops=&#8221;#47187d 35%|#00a1d3 87%&#8221; custom_margin=&#8221;||||false|false&#8221; custom_margin_tablet=&#8221;||||false|false&#8221; custom_margin_phone=&#8221;21px||||false|false&#8221; custom_margin_last_edited=&#8221;on|phone&#8221; global_colors_info=&#8221;{}&#8221;][\/dsm_gradient_text][et_pb_divider color=&#8221;#00a1d3&#8243; divider_weight=&#8221;4px&#8221; _builder_version=&#8221;4.17.6&#8243; _module_preset=&#8221;default&#8221; width=&#8221;56%&#8221; max_width=&#8221;10%&#8221; custom_margin=&#8221;-24px||||false|false&#8221; global_colors_info=&#8221;{}&#8221;][\/et_pb_divider][et_pb_text _builder_version=&#8221;4.17.6&#8243; _module_preset=&#8221;default&#8221; text_font_size=&#8221;18px&#8221; global_colors_info=&#8221;{}&#8221;]<\/p>\n<p style=\"text-align: justify;\"><span style=\"font-weight: 400;\"><span style=\"vertical-align: inherit;\"><span style=\"vertical-align: inherit;\">Ser reconocidos como una Corporaci\u00f3n l\u00edder en procesos de atenci\u00f3n a poblaci\u00f3n vulnerable, formaci\u00f3n e\u00a0 inclusi\u00f3n\u00a0 en procesos de rehabilitaci\u00f3n funcional, social y productiva con sostenibilidad ambiental a nivel nacional e internacional.<\/span><\/span><\/span><\/p>\n<p>[\/et_pb_text][\/et_pb_column][\/et_pb_row][\/et_pb_section][et_pb_section fb_built=&#8221;1&#8243; _builder_version=&#8221;4.17.6&#8243; _module_preset=&#8221;default&#8221; custom_margin=&#8221;27px|||||&#8221; custom_padding=&#8221;31px|||||&#8221; global_colors_info=&#8221;{}&#8221;][et_pb_row _builder_version=&#8221;4.17.6&#8243; _module_preset=&#8221;default&#8221; global_colors_info=&#8221;{}&#8221;][et_pb_column type=&#8221;4_4&#8243; _builder_version=&#8221;4.17.6&#8243; _module_preset=&#8221;default&#8221; global_colors_info=&#8221;{}&#8221;][et_pb_divider color=&#8221;#00a1d3&#8243; divider_weight=&#8221;4px&#8221; _builder_version=&#8221;4.17.6&#8243; _module_preset=&#8221;default&#8221; width=&#8221;56%&#8221; max_width=&#8221;100%&#8221; module_alignment=&#8221;center&#8221; custom_margin=&#8221;-24px||||false|false&#8221; global_colors_info=&#8221;{}&#8221;][\/et_pb_divider][et_pb_text _builder_version=&#8221;4.17.6&#8243; _module_preset=&#8221;default&#8221; text_font_size=&#8221;18px&#8221; background_color=&#8221;#f7f7f7&#8243; custom_padding=&#8221;26px|26px|26px|26px|false|false&#8221; custom_padding_tablet=&#8221;26px|26px|26px|26px|false|false&#8221; custom_padding_phone=&#8221;10px|10px|10px|10px|false|false&#8221; custom_padding_last_edited=&#8221;on|phone&#8221; global_colors_info=&#8221;{}&#8221;]<\/p>\n<p style=\"text-align: justify;\"><span style=\"font-weight: 400;\"><span style=\"vertical-align: inherit;\"><span style=\"vertical-align: inherit;\"><span style=\"vertical-align: inherit;\"><span style=\"vertical-align: inherit;\"><span style=\"vertical-align: inherit;\"><span style=\"vertical-align: inherit;\"><span style=\"vertical-align: inherit;\"><span style=\"vertical-align: inherit;\">La Corporacion Doxa es una entidad sin \u00e1nimo de lucro que beneficia a toda clase de poblaci\u00f3n vulnerable (Adulto Mayor, ni\u00f1os y adolecentes, personas con discapacidad, Poblaci\u00f3n Migrante o desplazada) a trav\u00e9s de capacitaci\u00f3n, rehabilitaci\u00f3n integral, formaci\u00f3n e inserci\u00f3n familiar, social y productiva.<\/span><\/span><\/span><\/span><\/span><\/span><\/span><\/span><\/span><\/p>\n<p>&nbsp;<\/p>\n<p style=\"text-align: justify;\"><span style=\"font-weight: 400;\"><span style=\"vertical-align: inherit;\"><span style=\"vertical-align: inherit;\"><span style=\"vertical-align: inherit;\"><span style=\"vertical-align: inherit;\"><span style=\"vertical-align: inherit;\"><span style=\"vertical-align: inherit;\"><span style=\"vertical-align: inherit;\"><span style=\"vertical-align: inherit;\">Contamos con un equipo de trabajo altamente calificado e interdisciplinario\u00a0 comprometidos con la causa social y la ayuda humanitaria que d\u00eda a d\u00eda trabajan por el mejoramiento de la calidad de vida de todos nuestros beneficiarios, respetando los principios institucionales, con procesos eficientes, recursos e infraestructura de alta calidad y sostenibilidad ambiental.<\/span><\/span><\/span><\/span><\/span><\/span><\/span><\/span><\/span><\/p>\n<p>[\/et_pb_text][\/et_pb_column][\/et_pb_row][\/et_pb_section]<\/p>\n","protected":false},"excerpt":{"rendered":"<p><div class=\"et_pb_module dsm_gradient_text dsm_gradient_text_0 \">\n\t\t\t\t\n\t\t\t\t\n\t\t\t\t\n\t\t\t\t\n\t\t\t\t\n\t\t\t\t\n\t\t\t\t<div class=\"et_pb_module_inner\">\n\t\t\t\t\t<h1 class=\"dsm-gradient-text\">Misi\u00f3n<\/h1>\n\t\t\t\t<\/div>\n\t\t\t<\/div><div class=\"et_pb_module dsm_lottie dsm_lottie_0\">\n\t\t\t\t\n\t\t\t\t\n\t\t\t\t\n\t\t\t\t\n\t\t\t\t\n\t\t\t\t\n\t\t\t\t<div class=\"et_pb_module_inner\">\n\t\t\t\t\t<div class=\"dsm_lottie_wrapper\" data-params=[{\"path\":\"\",\"loop\":true,\"delay\":\"0ms\",\"direction\":\"1\",\"speed\":\"1.2\",\"viewport\":\"80%\"}]>\n\t\t\t<\/div>\n\t\t\t\t<\/div>\n\t\t\t<\/div>Somos una Corporaci\u00f3n sin \u00e1nimo de lucro\u00a0 dedicada a la atenci\u00f3n de poblaci\u00f3n vulnerable, propendiendo por su\u00a0 rehabilitaci\u00f3n integral, formaci\u00f3n, empoderamiento y desarrollo para su inclusi\u00f3n familiar, social y productiva. Siempre comprometidos en el desarrollo de nuestros proyectos con el medio ambiente.<div class=\"et_pb_module dsm_gradient_text dsm_gradient_text_1 \">\n\t\t\t\t\n\t\t\t\t\n\t\t\t\t\n\t\t\t\t\n\t\t\t\t\n\t\t\t\t\n\t\t\t\t<div class=\"et_pb_module_inner\">\n\t\t\t\t\t<h1 class=\"dsm-gradient-text\">Supreme Gradient Text<\/h1>\n\t\t\t\t<\/div>\n\t\t\t<\/div><\/p>\n","protected":false},"author":1,"featured_media":0,"parent":0,"menu_order":2,"comment_status":"closed","ping_status":"closed","template":"","meta":{"_et_pb_use_builder":"on","_et_pb_old_content":"","_et_gb_content_width":"","footnotes":""},"class_list":["post-109647","page","type-page","status-publish","hentry"],"_links":{"self":[{"href":"https:\/\/www.corporaciondoxa.com\/index.php?rest_route=\/wp\/v2\/pages\/109647","targetHints":{"allow":["GET"]}}],"collection":[{"href":"https:\/\/www.corporaciondoxa.com\/index.php?rest_route=\/wp\/v2\/pages"}],"about":[{"href":"https:\/\/www.corporaciondoxa.com\/index.php?rest_route=\/wp\/v2\/types\/page"}],"author":[{"embeddable":true,"href":"https:\/\/www.corporaciondoxa.com\/index.php?rest_route=\/wp\/v2\/users\/1"}],"replies":[{"embeddable":true,"href":"https:\/\/www.corporaciondoxa.com\/index.php?rest_route=%2Fwp%2Fv2%2Fcomments&post=109647"}],"version-history":[{"count":11,"href":"https:\/\/www.corporaciondoxa.com\/index.php?rest_route=\/wp\/v2\/pages\/109647\/revisions"}],"predecessor-version":[{"id":110119,"href":"https:\/\/www.corporaciondoxa.com\/index.php?rest_route=\/wp\/v2\/pages\/109647\/revisions\/110119"}],"wp:attachment":[{"href":"https:\/\/www.corporaciondoxa.com\/index.php?rest_route=%2Fwp%2Fv2%2Fmedia&parent=109647"}],"curies":[{"name":"wp","href":"https:\/\/api.w.org\/{rel}","templated":true}]}}